se 3) to base 9
-2125
2124412 (base 5) to base 4
20312020
What is 2a53 (base 16) in base 10?
10835
Convert -117017 (base 8) to base 16.
-9e0f
311456 (base 7) to base 4
31002122
Convert 7281 (base 13) to base 7.
64062
What is -1010010011010 (base 2) in base 10?
-5274
c643 (base 15) to base 7
233124
What is -1001010111001 (base 2) in base 13?
-2249
Convert 2013 (base 5) to base 6.
1110
38433 (base 9) to base 16
650d
What is 26037 (base 12) in base 9?
78147
Convert 11010111010100 (base 2) to base 8.
32724
What is -303 (base 12) in base 6?
-2003
-36506 (base 10) to base 5
-2132011
Convert -94aa (base 12) to base 7.
-65254
What is 76c0 (base 13) in base 8?
40245
What is 4254 (base 6) in base 9?
1287
What is -1301311 (base 5) in base 12?
-12706
Convert 40b (base 12) to base 14.
2dd
133552 (base 6) to base 13
5915
1110000010 (base 2) to base 15
3ed
Convert b4 (base 12) to base 15.
91
What is -284 (base 9) in base 4?
-3232
Convert -11242 (base 5) to base 8.
-1466
-1000001101110001 (base 2) to base 14
-c397
Convert -15462 (base 11) to base 15.
-6718
What is -1637 (base 15) in base 7?
-16633
What is 57a (base 12) in base 7?
2242
What is -5273 (base 11) in base 16?
-1b41
Convert 1055 (base 11) to base 12.
97b
Convert 2000 (base 6) to base 14.
22c
-3468 (base 9) to base 13
-122c
What is 1904 (base 10) in base 4?
131300
-2260 (base 12) to base 13
-1977
-85 (base 11) to base 3
-10110
What is -407 (base 8) in base 10?
-263
-6b51 (base 13) to base 5
-440412
What is -3104 (base 10) in base 3?
-11020222
Convert -11232011 (base 4) to base 3.
-1012010202
-1101000000 (base 2) to base 16
-340
1666 (base 15) to base 11
3693
What is 8a4 (base 15) in base 11?
1517
What is -230242 (base 5) in base 2?
-10000000000101
What is 2320 (base 4) in base 7?
352
What is -8e2 (base 15) in base 8?
-3734
111222 (base 3) to base 11
313
Convert 3cc (base 14) to base 5.
11033
15303 (base 7) to base 16
10aa
-2430 (base 8) to base 9
-1708
21800 (base 9) to base 14
53d9
What is 12011 (base 7) in base 14?
11b1
10002010 (base 3) to base 14
b64
Convert -a1b (base 12) to base 6.
-10435
Convert 1020211 (base 4) to base 14.
199b
What is -210023 (base 4) in base 7?
-6515
-34744 (base 9) to base 12
-1151a
What is -3043 (base 11) in base 8?
-7710
-42411 (base 6) to base 9
-7817
-300232 (base 4) to base 9
-4244
What is -17006 (base 9) in base 6?
-130010
What is 1642 (base 8) in base 4?
32202
What is 664 (base 11) in base 10?
796
Convert 3659 (base 12) to base 3.
22101120
-8522 (base 9) to base 14
-23cd
-45b (base 13) to base 16
-2f0
33c (base 13) to base 11
468
-230 (base 15) to base 8
-757
What is 11022 (base 5) in base 14?
3c6
Convert -16172 (base 11) to base 12.
-11263
Convert -2112101 (base 3) to base 7.
-5245
What is e28 (base 15) in base 6?
22432
Convert -10000101011110 (base 2) to base 8.
-20536
-e1 (base 16) to base 3
-22100
111100000010 (base 2) to base 11
2983
What is a02 (base 14) in base 10?
1962
Convert -b485 (base 13) to base 10.
-24952
What is -5046 (base 9) in base 13?
-18a8
Convert -2054 (base 8) to base 11.
-891
What is 1584 (base 12) in base 8?
4764
-29ab (base 15) to base 13
-40b5
Convert 14242 (base 9) to base 11.
72a8
-10030 (base 7) to base 2
-100101110110
What is -84b1 (base 13) in base 15?
-56b6
Convert 1011111101011110 (base 2) to base 6.
1014450
What is -3221321 (base 4) in base 9?
-22472
-2201222 (base 3) to base 2
-11111001101
What is 7446 (base 9) in base 13?
2649
Convert -12810 (base 11) to base 15.
-563c
Convert -12320231 (base 4) to base 5.
-1400310
What is -277 (base 12) in base 14?
-1d1
Convert -22410 (base 10) to base 3.
-1010202000
Convert 288 (base 12) to base 14.
200
1031001 (base 4) to base 13
2322
What is -323 (base 7) in base 2?
-10100100
Convert -11 (base 13) to base 11.
-13
2200 (base 11) to base 10
2904
What is 200 (base 5) in base 3?
1212
What is -4314 (base 5) in base 13?
-35c
Convert -389 (base 10) to base 3.
-112102
Convert -502 (base 6) to base 9.
-222
What is -12001 (base 3) in base 2?
-10001000
-101001111000 (base 2) to base 3
-10200021
Convert -33343 (base 8) to base 10.
-14051
ac2 (base 14) to base 5
32010
-7682 (base 11) to base 15
-3008
Convert 1a0 (base 16) to base 13.
260
Convert 17697 (base 13) to base 4.
23000112
-10000000 (base 2) to base 11
-107
-222223 (base 4) to base 8
-5253
Convert -154 (base 14) to base 16.
-10e
15213 (base 12) to base 5
1422204
13100 (base 4) to base 14
252
4ba (base 14) to base 16
3b4
-a5e6 (base 15) to base 6
-430243
-31b9 (base 14) to base 16
-218f
-318 (base 12) to base 9
-552
What is 2309 (base 13) in base 10?
4910
What is -dd35 (base 15) in base 5?
-2444400
Convert 3bd (base 15) to base 13.
508
What is 1100100112 (base 3) in base 5?
1322001
22002000 (base 3) to base 9
8060
What is -1023220 (base 4) in base 8?
-11350
Convert ab9 (base 12) to base 15.
706
What is -ea73 (base 15) in base 11?
-342a9
-55259 (base 10) to base 3
-2210210122
-1014 (base 8) to base 15
-24e
-100002201 (base 3) to base 4
-1213222
Convert -51723 (base 9) to base 14.
-c614
What is 2220022 (base 3) in base 2?
100001000010
Convert -2031 (base 6) to base 2.
-111000011
What is -679 (base 12) in base 5?
-12312
Convert 111 (base 11) to base 10.
133
Convert 6370 (base 9) to base 4.
1021020
What is 23232 (base 4) in base 11?
622
-24023 (base 5) to base 10
-1763
Convert -26a19 (base 11) to base 4.
-21121202
Convert -1103423 (base 5) to base 15.
-5a78
Convert -240453 (base 6) to base 13.
-9699
Convert 110100101010100 (base 2) to base 3.
1100222200
Convert -231410 (base 6) to base 4.
-10311132
1464 (base 8) to base 7
2251
1141 (base 6) to base 16
115
What is 40a2 (base 11) in base 2?
1010100111100
-1672 (base 13) to base 16
-ce8
What is 41c (base 15) in base 13?
564
Convert 412400 (base 5) to base 12.
796b
-6510 (base 10) to base 14
-2530
What is 230340 (base 5) in base 16?
201c
-756 (base 9) to base 6
-2510
What is -244344 (base 5) in base 15?
-2b84
Convert -2221 (base 5) to base 14.
-183
-11221120 (base 3) to base 10
-3606
-11001100100010 (base 2) to base 9
-18854
-31656 (base 7) to base 9
-11726
Convert 21233023 (base 4) to base 7.
224164
-16ab (base 13) to base 6
-23304
-1920 (base 16) to base 4
-1210200
Convert 1234434 (base 6) to base 9.
112064
What is 19c (base 16) in base 13?
259
Convert -2225 (base 11) to base 14.
-10d5
Convert 643 (base 8) to base 11.
351
-1310030 (base 4) to base 11
-5650
Convert 1142120 (base 6) to base 10.
60096
281 (base 11) to base 16
14b
-3101311 (base 4) to base 13
-6160
Convert -7780 (base 13) to base 8.
-40432
What is -1025 (base 10) in base 12?
-715
What is -103142 (base 6) in base 7?
-33512
-112231 (base 4) to base 14
-75b
1c70 (base 15) to base 10
6180
Convert 1201000 (base 3) to base 2.
10011011010
What is -13301 (base 8) in base 12?
-3455
-1107 (base 13) to base 3
-10020220
What is b82 (base 12) in base 13?
9c5
What is 59 (base 11) in base 15?
44
-1343 (base 7) to base 14
-293
Convert -252 (base 11) to base 4.
-10223
-75b (base 16) to base 9
-2522
10101000001110000 (base 2) to base 15
1a7bd
Convert 2b44 (base 12) to base 10.
5092
Convert -45424 (base 8) to base 7.
-110015
What is 7964 (base 14) in base 8?
51104
What is 5e (base 15) in base 7?
155
-a671 (base 12) to base 5
-1040404
34514 (base 6) to base 11
3793
-15198 (base 11) to base 8
-52024
-111110101011 (base 2) to base 16
-fab
-3012 (base 5) to base 15
-1a7
Convert -1771 (base 10) to base 15.
-7d1
28f (base 16) to base 7
1624
24b (base 13) to base 6
1505
What is 303344 (base 5) in base 6?
113333
-1441 (base 5) to base 12
-186
Convert -799 (base 16) to base 11.
-1509
Convert 315 (base 9) to base 8.
401
Convert 10110101010010 (base 2) to base 10.
11602
120021 (base 3) to base 6
1524
2046 (base 9) to base 3
2001120
Convert 10111010 (base 2) to base 5.
1221
Convert -3053 (base 7) to base 2.
-10000101011
What is 2101012 (base 3) in base 12?
1005
-18498 (base 12) to base 3
-1210100122
What is -101101001 (base 2) in base 16?
-169
Convert 29486 (base 13) to base 10.
77681
Convert -23221210 (base 4) to base 16.
-ba64
What is 44115 (base 7) in base 14?
4045
Convert -1d5 (base 15) to base 16.
-1a9
-2122 (base 6) to base 2
-111100010
What is -2334 (base 6) in base 13?
-343
What is 586 (base 11) in base 10?
699
Convert -1bd (base 15) to base 2.
-110010011
-847